{"id":1541,"date":"2025-04-09T16:19:21","date_gmt":"2025-04-09T16:19:21","guid":{"rendered":"https:\/\/muniica.gob.pe\/portal\/?page_id=1541"},"modified":"2026-01-21T16:01:15","modified_gmt":"2026-01-21T16:01:15","slug":"resoluciones-diversas-2025","status":"publish","type":"page","link":"https:\/\/muniica.gob.pe\/portal\/index.php\/resoluciones-diversas-2025\/","title":{"rendered":"Resoluciones Diversas 2025"},"content":{"rendered":"\t\t<div data-elementor-type=\"wp-page\" data-elementor-id=\"1541\" class=\"elementor elementor-1541\">\n\t\t\t\t<div class=\"elementor-element elementor-element-d014577 e-flex e-con-boxed e-con e-parent\" data-id=\"d014577\" data-element_type=\"container\" data-e-type=\"container\">\n\t\t\t\t\t<div class=\"e-con-inner\">\n\t\t\t\t<div class=\"elementor-element elementor-element-b08404c elementor-widget elementor-widget-heading\" data-id=\"b08404c\" data-element_type=\"widget\" data-e-type=\"widget\" data-widget_type=\"heading.default\">\n\t\t\t\t<div class=\"elementor-widget-container\">\n\t\t\t\t\t<h2 class=\"elementor-heading-title elementor-size-default\">Resoluciones Diversas 2025<\/h2>\t\t\t\t<\/div>\n\t\t\t\t<\/div>\n\t\t\t\t\t<\/div>\n\t\t\t\t<\/div>\n\t\t<div class=\"elementor-element elementor-element-eb0300b e-flex e-con-boxed e-con e-parent\" data-id=\"eb0300b\" data-element_type=\"container\" data-e-type=\"container\">\n\t\t\t\t\t<div class=\"e-con-inner\">\n\t\t\t\t<div class=\"elementor-element elementor-element-f1ec5f6 elementor-widget elementor-widget-shortcode\" data-id=\"f1ec5f6\" data-element_type=\"widget\" data-e-type=\"widget\" data-widget_type=\"shortcode.default\">\n\t\t\t\t<div class=\"elementor-widget-container\">\n\t\t\t\t\t\t\t<div class=\"elementor-shortcode\">\n<table id=\"tablepress-44\" class=\"tablepress tablepress-id-44\">\n<thead>\n<tr class=\"row-1\">\n\t<th class=\"column-1\">N\u00b0 de Resoluciones<\/th><th class=\"column-2\">Descripci\u00f3n<\/th><th class=\"column-3\">Descargas<\/th>\n<\/tr>\n<\/thead>\n<tbody class=\"row-striping row-hover\">\n<tr class=\"row-2\">\n\t<td class=\"column-1\">Resoluci\u00f3n N\u00b0 2560-2025-GTTSV-MPI<\/td><td class=\"column-2\">DECLARAR PROCEDENTE, la solicitud, Presentado por la Empresa \"Amigos Nueva Uni\u00f3n S.A ETANUSA\", debidamente representada por don LUIS NAVARRETE RETAMOSO, sobre, modificaci\u00f3n de la Ficha T\u00e9cnica de Ruta<\/td><td class=\"column-3\"><a href=\"https:\/\/muniica.gob.pe\/transparencia\/GESTION2025\/Res_Diversas2025\/Resoluci%C3%B3n%20de%20Transporte%20N%C2%B0%20001-2025-GTTSV-MPI.pdf\">DESCARGAR AQU\u00cd<\/a><\/td>\n<\/tr>\n<tr class=\"row-3\">\n\t<td class=\"column-1\">Resoluci\u00f3n N\u00b0 00027-2025-GTTSV-MPI<\/td><td class=\"column-2\">DECLARAR IMPROCEDENTE la solicitud presentado por el administrado CESAR ALCIDES TAPAHUASCO BARBOZA, en su condici\u00f3n de gerente de la empresa \"Servicio QANTO LOGITIC EXPRES S.A.C\", para quien solicita Autorizaci\u00f3n para el servicio de Transporte Masivo de Pasajeros en la Modalidad de Taxi Remisse<\/td><td class=\"column-3\"><a href=\"https:\/\/muniica.gob.pe\/transparencia\/GESTION2025\/Res_Diversas2025\/Resoluci%C3%B3n%20de%20Transporte%20N%C2%B0%20002-2025-GTTSV-MPI.pdf\">DESCARGAR AQU\u00cd<\/a><\/td>\n<\/tr>\n<tr class=\"row-4\">\n\t<td class=\"column-1\">Resoluci\u00f3n N\u00b0 03964-2025-GTTSV-MPI<\/td><td class=\"column-2\">DECLARAR PROCEDENTE, la Solicitud, de Reconsideraci\u00f3n peticionada por don Johnny Calder\u00f3n Angulo, en sus calidades de Gerente de la empresa de Transporte amigo \u00c1ngel Dorado S.R.L DECLARANDO NULA e INSUBSISTENTE<\/td><td class=\"column-3\"><a href=\"https:\/\/muniica.gob.pe\/transparencia\/GESTION2025\/Res_Diversas2025\/Resoluci%C3%B3n%20de%20Transporte%20N%C2%B0%20003-2025-GTTSV-MPI.pdf\">DESCARGAR AQU\u00cd<\/a><\/td>\n<\/tr>\n<tr class=\"row-5\">\n\t<td class=\"column-1\">Resoluci\u00f3n N\u00b0 03504-2025-GTTSV-MPI<\/td><td class=\"column-2\">Que, mediante, Expediente N\u00b0 2609-2025-GTTSV-MPI. De fecha 21\/02\/2025, el administrado, LEONARDO LUIS CHANG GUERRERO, Identificado con DNI 21557170, solicita la Emisi\u00f3n de la Resoluci\u00f3n de Autorizaci\u00f3n para Prestar servicio de Taxi Estaci\u00f3n<\/td><td class=\"column-3\"><a href=\"https:\/\/muniica.gob.pe\/transparencia\/GESTION2025\/Res_Diversas2025\/Resoluci%C3%B3n%20de%20Transporte%20N%C2%B0%20004-2025-GTTSV-MPI.pdf\">DESCARGAR AQU\u00cd<\/a><\/td>\n<\/tr>\n<tr class=\"row-6\">\n\t<td class=\"column-1\">Resoluci\u00f3n N\u00b0 17542-2025-GTTSV-MPI<\/td><td class=\"column-2\">APROBAR el Expediente T\u00e9cnico de mantenimiento \"Mantenimiento del dep\u00f3sito municipal<br \/>\nvehicular, mediante cerco prefabricado para la GTMU de la municipalidad provincial de lea-Regi\u00f3n lea'' con un Valor Referencial de SI 234,804.41 (Doscientos Treinta y cuatro mil Ochocientos cuatro con 411100 Soles) y con un Monto de Inversi\u00f3n Total de S\/. 253,804.41 (Doscientos cincuenta y tres mil ochocientos cuatro con 411100 Soles) con un plazo de<br \/>\nejecuci\u00f3n de 30 d\u00edas calendarios<br \/>\n<\/td><td class=\"column-3\"><a href=\"https:\/\/muniica.gob.pe\/transparencia\/GESTION2025\/Res_Diversas2025\/Resoluci%C3%B3n%20de%20Transporte%20N%C2%B0%20005-2025-GTTSV-MPI.pdf\">DESCARGAR AQU\u00cd<\/a><\/td>\n<\/tr>\n<tr class=\"row-7\">\n\t<td class=\"column-1\"><\/td><td class=\"column-2\"><\/td><td class=\"column-3\"><\/td>\n<\/tr>\n<\/tbody>\n<\/table>\n<!-- #tablepress-44 from cache --><\/div>\n\t\t\t\t\t\t<\/div>\n\t\t\t\t<\/div>\n\t\t\t\t\t<\/div>\n\t\t\t\t<\/div>\n\t\t\t\t<\/div>\n\t\t","protected":false},"excerpt":{"rendered":"<p>Resoluciones Diversas 2025<\/p>\n","protected":false},"author":1,"featured_media":0,"parent":0,"menu_order":0,"comment_status":"closed","ping_status":"closed","template":"","meta":{"site-sidebar-layout":"no-sidebar","site-content-layout":"","ast-site-content-layout":"full-width-container","site-content-style":"default","site-sidebar-style":"default","ast-global-header-display":"disabled","ast-banner-title-visibility":"disabled","ast-main-header-display":"","ast-hfb-above-header-display":"","ast-hfb-below-header-display":"","ast-hfb-mobile-header-display":"","site-post-title":"disabled","ast-breadcrumbs-content":"","ast-featured-img":"disabled","footer-sml-layout":"disabled","ast-disable-related-posts":"","theme-transparent-header-meta":"","adv-header-id-meta":"","stick-header-meta":"","header-above-stick-meta":"","header-main-stick-meta":"","header-below-stick-meta":"","astra-migrate-meta-layouts":"default","ast-page-background-enabled":"default","ast-page-background-meta":{"desktop":{"background-color":"var(--ast-global-color-5)","background-image":"","background-repeat":"repeat","background-position":"center center","background-size":"auto","background-attachment":"scroll","background-type":"","background-media":"","overlay-type":"","overlay-color":"","overlay-opacity":"","overlay-gradient":""},"tablet":{"background-color":"","background-image":"","background-repeat":"repeat","background-position":"center center","background-size":"auto","background-attachment":"scroll","background-type":"","background-media":"","overlay-type":"","overlay-color":"","overlay-opacity":"","overlay-gradient":""},"mobile":{"background-color":"","background-image":"","background-repeat":"repeat","background-position":"center center","background-size":"auto","background-attachment":"scroll","background-type":"","background-media":"","overlay-type":"","overlay-color":"","overlay-opacity":"","overlay-gradient":""}},"ast-content-background-meta":{"desktop":{"background-color":"var(--ast-global-color-4)","background-image":"","background-repeat":"repeat","background-position":"center center","background-size":"auto","background-attachment":"scroll","background-type":"","background-media":"","overlay-type":"","overlay-color":"","overlay-opacity":"","overlay-gradient":""},"tablet":{"background-color":"var(--ast-global-color-4)","background-image":"","background-repeat":"repeat","background-position":"center center","background-size":"auto","background-attachment":"scroll","background-type":"","background-media":"","overlay-type":"","overlay-color":"","overlay-opacity":"","overlay-gradient":""},"mobile":{"background-color":"var(--ast-global-color-4)","background-image":"","background-repeat":"repeat","background-position":"center center","background-size":"auto","background-attachment":"scroll","background-type":"","background-media":"","overlay-type":"","overlay-color":"","overlay-opacity":"","overlay-gradient":""}},"_themeisle_gutenberg_block_has_review":false,"footnotes":""},"class_list":["post-1541","page","type-page","status-publish","hentry"],"_links":{"self":[{"href":"https:\/\/muniica.gob.pe\/portal\/index.php\/wp-json\/wp\/v2\/pages\/1541","targetHints":{"allow":["GET"]}}],"collection":[{"href":"https:\/\/muniica.gob.pe\/portal\/index.php\/wp-json\/wp\/v2\/pages"}],"about":[{"href":"https:\/\/muniica.gob.pe\/portal\/index.php\/wp-json\/wp\/v2\/types\/page"}],"author":[{"embeddable":true,"href":"https:\/\/muniica.gob.pe\/portal\/index.php\/wp-json\/wp\/v2\/users\/1"}],"replies":[{"embeddable":true,"href":"https:\/\/muniica.gob.pe\/portal\/index.php\/wp-json\/wp\/v2\/comments?post=1541"}],"version-history":[{"count":5,"href":"https:\/\/muniica.gob.pe\/portal\/index.php\/wp-json\/wp\/v2\/pages\/1541\/revisions"}],"predecessor-version":[{"id":2565,"href":"https:\/\/muniica.gob.pe\/portal\/index.php\/wp-json\/wp\/v2\/pages\/1541\/revisions\/2565"}],"wp:attachment":[{"href":"https:\/\/muniica.gob.pe\/portal\/index.php\/wp-json\/wp\/v2\/media?parent=1541"}],"curies":[{"name":"wp","href":"https:\/\/api.w.org\/{rel}","templated":true}]}}