{"id":13,"date":"2023-09-26T22:05:26","date_gmt":"2023-09-26T22:05:26","guid":{"rendered":"https:\/\/muniica.gob.pe\/portal\/?page_id=13"},"modified":"2026-01-21T15:44:51","modified_gmt":"2026-01-21T15:44:51","slug":"ordenanzas-municipal-2023","status":"publish","type":"page","link":"https:\/\/muniica.gob.pe\/portal\/index.php\/ordenanzas-municipal-2023\/","title":{"rendered":"Ordenanzas Municipal 2023"},"content":{"rendered":"\n<table id=\"tablepress-5\" class=\"tablepress tablepress-id-5\">\n<thead>\n<tr class=\"row-1\">\n\t<th class=\"column-1\">N\u00b0 de Ordenanza<\/th><th class=\"column-2\">Descripci\u00f3n<\/th><th class=\"column-3\">Descargar<\/th>\n<\/tr>\n<\/thead>\n<tbody class=\"row-striping row-hover\">\n<tr class=\"row-2\">\n\t<td class=\"column-1\">O.M N\u00ba 001<\/td><td class=\"column-2\">ORDENANZA MUNICIPAL QUE APRUEBA LA PRORROGA DE LA PRESENTACI\u00d3N DE LA DECLARACI\u00d3N JUARADA DEL IMPUESTO PREDIAL, IMPUESTO AL PATRIMONIO VEHICULAR Y EL PAGO DE LA PRIMERA CUOTA DE LOS MENCIONADOS IMPUESTOS HASTA EL 30 DE ABRIL DEL 2023<\/td><td class=\"column-3\"><a href=\"https:\/\/muniica.gob.pe\/transparencia\/GESTION2023\/Ordenanzas2023\/ODENANZA%20MUNICIPAL%20N%C2%BA001%20-2023-MPI.pdf\" rel=\"noopener\" target=\"_blank\">DESCARGAR AQU\u00cd<\/a><\/td>\n<\/tr>\n<tr class=\"row-3\">\n\t<td class=\"column-1\">O.M N\u00ba 002<\/td><td class=\"column-2\">ORDENANZA MUNICIPAL QUE ESTABLECE LA CREACI\u00d3N DEL DEP\u00d3SITO MUNICIPAL VEHICULAR TEMPORAL (DMVT) EN EL DISTRITO DE ICA<\/td><td class=\"column-3\"><a href=\"https:\/\/muniica.gob.pe\/transparencia\/GESTION2023\/Ordenanzas2023\/ODENANZA%20MUNICIPAL%20N%C2%BA002%20-2023-MPI.pdf\" rel=\"noopener\" target=\"_blank\">DESCARGAR AQU\u00cd<\/a><\/td>\n<\/tr>\n<tr class=\"row-4\">\n\t<td class=\"column-1\">O.M N\u00ba 003<\/td><td class=\"column-2\">ORDENANZA QUE OTORGA EL BENEFICIO DE AMNIST\u00cdA DE DEUDA NO TRIBUTARIA POR CONCEPTO DE INFRACCIONES AL REGLAMENTO NACIONAL DE TR\u00c1NSITO Y DEUDA POR CONCEPTO DE TASA POR INTERNAMIENTO VEHICULAR EN LA PROVINCIA DE ICA<\/td><td class=\"column-3\"><a href=\"https:\/\/muniica.gob.pe\/transparencia\/GESTION2023\/Ordenanzas2023\/ODENANZA%20MUNICIPAL%20N%C2%BA003%20-2023-MPI.pdf\" rel=\"noopener\" target=\"_blank\">DESCARGAR AQU\u00cd<\/a><\/td>\n<\/tr>\n<tr class=\"row-5\">\n\t<td class=\"column-1\">O.M N\u00ba 004<\/td><td class=\"column-2\">ORDENANZA MUNICIPAL QUE APRUEBA LA EXONERACI\u00d3N DEL PAGO DE DERECHOS MUNICIPALES POR LA CELEBRACI\u00d3N DE MATRIMONIO CIVIL MASIVO 2023, EN EL MARCO DEL ANIVERSARIO DE LA CIUDAD DE ICA<\/td><td class=\"column-3\"><a href=\"https:\/\/muniica.gob.pe\/transparencia\/GESTION2023\/Ordenanzas2023\/ODENANZA%20MUNICIPAL%20N%C2%BA004%20-2023-MPI.pdf\" rel=\"noopener\" target=\"_blank\">DESCARGAR AQU\u00cd<\/a><\/td>\n<\/tr>\n<tr class=\"row-6\">\n\t<td class=\"column-1\">O.M N\u00ba 005<\/td><td class=\"column-2\">ORDENANZA MUNICIPAL QUE APRUEBA EL CAMBIO DE ZONIFICACI\u00d3N DE ZA (ZONA AGRICOLA) Y RDB (RESIDENCIAL DE DENSIDAD BAJA), A RDM (RESIDENCIAL DE DENSIDAD MEDIA), DE LOS SIGUIENTES PREDIOS INSCRITOS EN LA PARTIDA REGISTRAL N\u00b0 40024736-PREDIO FUNDO ARRABALES U.C. 10588 (EN UNA AREA PARCIAL DE 3,5601 HAS) Y EL PREDIO INSCRITO EN LA PARTIDA REGISTRAL N\u00b0 11028015-AREA N\u00b0 02 DE LA ANGOSTURA IV ETAPA (CON UN AREA DE 0.2672 HAS\/ 2,672.43 M2, HACIENDO UN TOTAL DE 3.8273 HAS<\/td><td class=\"column-3\"><a href=\"https:\/\/muniica.gob.pe\/transparencia\/GESTION2023\/Ordenanzas2023\/ODENANZA%20MUNICIPAL%20N%C2%BA005%20-2023-MPI.pdf\" rel=\"noopener\" target=\"_blank\">DESCARGAR AQU\u00cd<\/a><\/td>\n<\/tr>\n<tr class=\"row-7\">\n\t<td class=\"column-1\">O.M N\u00ba 007<\/td><td class=\"column-2\">ORDENANZA MUNICIPAL QUE APRUEBA EL PROGRAMA MUNICIPAL EDUCACI\u00d3N, CULTURA Y CIUDADAN\u00cdA AMBIENTAL DE LA MUNICIPALIDAD PROVINCIAL DE ICA<\/td><td class=\"column-3\"><a href=\"https:\/\/muniica.gob.pe\/transparencia\/GESTION2023\/Ordenanzas2023\/ODENANZA%20MUNICIPAL%20N%C2%BA007%20-2023-MPI.pdf\" rel=\"noopener\" target=\"_blank\">DESCARGAR AQU\u00cd<\/a><\/td>\n<\/tr>\n<tr class=\"row-8\">\n\t<td class=\"column-1\">O.M N\u00ba 008<\/td><td class=\"column-2\">APROBAR el Beneficio Tributario denominado \"Con tus Tributos Ica progresa\", deber\u00e1 de tener una duraci\u00f3n hasta de 03 (03) meses.<\/td><td class=\"column-3\"><a href=\"https:\/\/muniica.gob.pe\/transparencia\/GESTION2023\/Ordenanzas2023\/ODENANZA%20MUNICIPAL%20N%C2%BA008%20-2023-MPI.pdf\" rel=\"noopener\" target=\"_blank\">DESCARGAR AQU\u00cd<\/a><\/td>\n<\/tr>\n<tr class=\"row-9\">\n\t<td class=\"column-1\">O.M N\u00ba 009<\/td><td class=\"column-2\">ORDENANZA MUNICIPAL QUE APRUEBA EL CAMBIO DE ZONIFICACI\u00d3N DE ZA (ZONA AGRICOLA) A ZONA RESIDENCIAL DE DENSIDAD MEDIA (RDM), DE LA PARCELA N\u00b0 283 U.C N\u00b0 12546, SECTOR MACACONA DEL PREDIO UBICADO EN LA JURIDICC\u00d3N DEL DISTRITO DE SUBTANJALLA, PROVINCIA Y DEPARTAMENTO DE ICA<\/td><td class=\"column-3\"><a href=\"https:\/\/muniica.gob.pe\/transparencia\/GESTION2023\/Ordenanzas2023\/ODENANZA%20MUNICIPAL%20N%C2%BA009%20-2023-MPI.pdf\" rel=\"noopener\" target=\"_blank\">DESCARGAR AQU\u00cd<\/a><\/td>\n<\/tr>\n<tr class=\"row-10\">\n\t<td class=\"column-1\">O.M N\u00ba 010<\/td><td class=\"column-2\">ORDENANZA QUE APRUEBA LA RATIFICACI\u00d3N DEL TEXTO \u00daNICO DE PROCEDIMIENTOS ADMINISTRATIVOS (TUPA) DE LA MUNICIPALIDAD DISTRITAL DE YAUCA DEL ROSARIO DE ICA, APROBADO POR LA ORDENANZA MUNICIPAL N\u00b0 010-2023-MDYR<\/td><td class=\"column-3\"><a href=\"https:\/\/muniica.gob.pe\/transparencia\/GESTION2023\/Ordenanzas2023\/ODENANZA%20MUNICIPAL%20N%C2%BA010%20-2023-MPI.pdf\" rel=\"noopener\" target=\"_blank\">DESCARGAR AQU\u00cd<\/a><\/td>\n<\/tr>\n<tr class=\"row-11\">\n\t<td class=\"column-1\">O.M N\u00ba 011<\/td><td class=\"column-2\">ORDENANZA QUE APRUEBA EL PLAN DE ACCI\u00d3N PROVINCIAL DE SEGURIDAD CIUDADANA ICA-2023<\/td><td class=\"column-3\"><a href=\"https:\/\/muniica.gob.pe\/transparencia\/GESTION2023\/Ordenanzas2023\/ODENANZA%20MUNICIPAL%20N%C2%BA011%20-2023-MPI.pdf\" rel=\"noopener\" target=\"_blank\">DESCARGAR AQU\u00cd<\/a><\/td>\n<\/tr>\n<tr class=\"row-12\">\n\t<td class=\"column-1\">O.M N\u00ba 013<\/td><td class=\"column-2\">ORDENANZA QUE RATIFICA LA ORDENANZA MUNICIPAL N\u00b0 011-2023-MDS, QUE APRUEBE EL TEXTO \u00daNICO DE PROCEDIMIENTOS ADMINISTRATIVOS 2023 (TUPA) DE LA MUNICIPALIDAD PROVINCIAL DE SUBTANJALLA<\/td><td class=\"column-3\"><a href=\"https:\/\/muniica.gob.pe\/transparencia\/GESTION2023\/Ordenanzas2023\/ODENANZA%20MUNICIPAL%20N%C2%BA013%20-2023-MPI.pdf\" rel=\"noopener\" target=\"_blank\">DESCARGAR AQU\u00cd<\/a><\/td>\n<\/tr>\n<tr class=\"row-13\">\n\t<td class=\"column-1\">O.M N\u00ba 014<\/td><td class=\"column-2\">ORDENANZA MUNICIPAL QUE APRUEBA LA EXONERACI\u00d3N DEL PAGO DE DERECHOS MUNICIPALES POR CELEBRACI\u00d3N DEL II MATRIMONIO MASIVO EN EL ESTABLECIMIENTO PENAL CRISTO REY DE CACHICHE DE ICA<\/td><td class=\"column-3\"><a href=\"https:\/\/muniica.gob.pe\/transparencia\/GESTION2023\/Ordenanzas2023\/ODENANZA%20MUNICIPAL%20N%C2%BA014%20-2023-MPI.pdf\" rel=\"noopener\" target=\"_blank\">DESCARGAR AQU\u00cd<\/a><\/td>\n<\/tr>\n<tr class=\"row-14\">\n\t<td class=\"column-1\">O.M N\u00ba 015<\/td><td class=\"column-2\">ORDENANZA QUE APRUEBA EL PLAN 45 DE RECUPERACI\u00d3N DE ESPACIOS PUBLICOS Y ERRADICACI\u00d3N DEL COMERCIO AMBULATORIO, CON INTERVENCI\u00d3N A ESTABLECIMIENTOS COMERCIALES Y CORMENCIANTES AMBULATORIOS Y ESTACIONARIOS QUE HACEN EXPENDIO DE PRODUCTOS SIN AUTORIZACI\u00d3N EN LOS EXTERIORES DE LOS PRINCIPALES CENTROS DE ABASTOS: MERCADO MODELO, MERCADO DEL R\u00cdO Y MERCADO MAYORISTA ARENALES DE ICA<\/td><td class=\"column-3\"><a href=\"https:\/\/muniica.gob.pe\/transparencia\/GESTION2023\/Ordenanzas2023\/ODENANZA%20MUNICIPAL%20N%C2%BA015%20-2023-MPI.pdf\" rel=\"noopener\" target=\"_blank\">DESCARGAR AQU\u00cd<\/a><\/td>\n<\/tr>\n<tr class=\"row-15\">\n\t<td class=\"column-1\">O.M N\u00ba 016<\/td><td class=\"column-2\">ORDENANZA QUE APRUEBA LA DEROGATORIA DE LA ORDENANZA MUNICIPAL N\u00b0 035-2022-MPI, POR ESTAR INMERSA EN EL INCISO 1 DEL ARTICULO 10\u00b0 DE LA LEY N\u00b0 27444, LEY DEL PROCEDIMIENTO ADMINISTRATIVO GENERAL, AL NO CUMPLIR LO ESTABLECIDO EN EL ART\u00cdCULO 44\u00b0 DE LA LEY N\u00b0 27972, LEY ORGANICA DE MUNICIPALIDADES Y POR CONTRADECIR EL ARTICULO 70\u00b0 DE LA CONSTITUCI\u00d3N POLITICA DEL PER\u00da<\/td><td class=\"column-3\"><a href=\"https:\/\/muniica.gob.pe\/transparencia\/GESTION2023\/Ordenanzas2023\/ODENANZA%20MUNICIPAL%20N%C2%BA016%20-2023-MPI.pdf\" rel=\"noopener\" target=\"_blank\">DESCARGAR AQU\u00cd<\/a><\/td>\n<\/tr>\n<tr class=\"row-16\">\n\t<td class=\"column-1\">O.M N\u00ba 017<\/td><td class=\"column-2\">ORDENANZA QUE MODIFICA EL PROYECTO DEL TUPA, INCORPORANDO EL PROCEDIMIENTO ADMINISTRATIVO DE \"TITULACI\u00d3N DE PREDIOS TRANSFERIDOS POR COFOPRI\", CONFORME AL ACUERDO DE CONCEJO N\u00b0 075-2023-MPI<\/td><td class=\"column-3\"><a href=\"https:\/\/muniica.gob.pe\/transparencia\/GESTION2023\/Ordenanzas2023\/ODENANZA%20MUNICIPAL%20N%C2%BA017%20-2023-MPI.pdf\" rel=\"noopener\" target=\"_blank\">DESCARGAR AQU\u00cd<\/a><\/td>\n<\/tr>\n<tr class=\"row-17\">\n\t<td class=\"column-1\">O.M N\u00ba 018<\/td><td class=\"column-2\">ORDENANZA MUNIICPAL QUE APRUEBA LAS TASAS DE ARBITRIOS DE LIMPIEZA PUBLICA, MANTENIMIENTO DE PARQUES Y AREAS VERDES SERENAZGO DE LA MUNIICPALIDAD PROVINCIAL DE ICA, PARA EL A\u00d1O 2024<\/td><td class=\"column-3\"><a href=\"https:\/\/muniica.gob.pe\/transparencia\/GESTION2023\/Ordenanzas2023\/ODENANZA%20MUNICIPAL%20N%C2%BA018%20-2023-MPI.pdf\" rel=\"noopener\" target=\"_blank\">DESCARGAR AQU\u00cd<\/a><\/td>\n<\/tr>\n<tr class=\"row-18\">\n\t<td class=\"column-1\">O.M N\u00ba 019<\/td><td class=\"column-2\">AUTORIZAR al Alcalde de la Municipalidad Provincial de Ica, para designar mediante Resoluci\u00f3n de Alcald\u00eda a los integrantes que conforman la Comis\u00f3n Ambiental Municipal (CAM)  de la provincia de Ica, en el marco de la presente actualizaci\u00f3n<\/td><td class=\"column-3\"><a href=\"https:\/\/muniica.gob.pe\/transparencia\/GESTION2023\/Ordenanzas2023\/ODENANZA%20MUNICIPAL%20N%C2%BA019%20-2023-MPI.pdf\" rel=\"noopener\" target=\"_blank\">DESCARGAR AQU\u00cd<\/a><\/td>\n<\/tr>\n<tr class=\"row-19\">\n\t<td class=\"column-1\">O.M N\u00ba 020<\/td><td class=\"column-2\">ORDENANZA QUE APRUEBA LA MODIFICACI\u00d3N DE LA ZONIFICACI\u00d3N ESPECIAL DE ZONA AGRICOLA (ZA) A RESIDENCIAL DE DENSIDAD BAJA (RDB) SEGUN PARTIDA REGSITRAL N\u00b0 11019277 (PARCELA 172, UC N\u00b0 17493)<\/td><td class=\"column-3\"><a href=\"https:\/\/muniica.gob.pe\/transparencia\/GESTION2023\/Ordenanzas2023\/ODENANZA%20MUNICIPAL%20N%C2%BA020%20-2023-MPI.pdf\" rel=\"noopener\" target=\"_blank\">DESCARGAR AQU\u00cd<\/a><\/td>\n<\/tr>\n<tr class=\"row-20\">\n\t<td class=\"column-1\">O.M N\u00ba 021<\/td><td class=\"column-2\">ORDENANZA MUNICIPAL QUE APRUEBA EL PLAN DE ACCION PROVINCIAL DE SEGURIDAD CIUDADANA ICA, 2024-2027<\/td><td class=\"column-3\"><a href=\"https:\/\/muniica.gob.pe\/transparencia\/GESTION2023\/Ordenanzas2023\/ODENANZA%20MUNICIPAL%20N%C2%BA021%20-2023-MPI.pdf\" rel=\"noopener\" target=\"_blank\">DESCARGAR AQU\u00cd<\/a><\/td>\n<\/tr>\n<\/tbody>\n<\/table>\n<!-- #tablepress-5 from cache -->\n","protected":false},"excerpt":{"rendered":"","protected":false},"author":1,"featured_media":0,"parent":0,"menu_order":0,"comment_status":"closed","ping_status":"closed","template":"","meta":{"site-sidebar-layout":"default","site-content-layout":"","ast-site-content-layout":"default","site-content-style":"default","site-sidebar-style":"default","ast-global-header-display":"disabled","ast-banner-title-visibility":"disabled","ast-main-header-display":"","ast-hfb-above-header-display":"","ast-hfb-below-header-display":"","ast-hfb-mobile-header-display":"","site-post-title":"","ast-breadcrumbs-content":"","ast-featured-img":"","footer-sml-layout":"disabled","ast-disable-related-posts":"","theme-transparent-header-meta":"","adv-header-id-meta":"","stick-header-meta":"","header-above-stick-meta":"","header-main-stick-meta":"","header-below-stick-meta":"","astra-migrate-meta-layouts":"default","ast-page-background-enabled":"default","ast-page-background-meta":{"desktop":{"background-color":"var(--ast-global-color-5)","background-image":"","background-repeat":"repeat","background-position":"center center","background-size":"auto","background-attachment":"scroll","background-type":"","background-media":"","overlay-type":"","overlay-color":"","overlay-opacity":"","overlay-gradient":""},"tablet":{"background-color":"","background-image":"","background-repeat":"repeat","background-position":"center center","background-size":"auto","background-attachment":"scroll","background-type":"","background-media":"","overlay-type":"","overlay-color":"","overlay-opacity":"","overlay-gradient":""},"mobile":{"background-color":"","background-image":"","background-repeat":"repeat","background-position":"center center","background-size":"auto","background-attachment":"scroll","background-type":"","background-media":"","overlay-type":"","overlay-color":"","overlay-opacity":"","overlay-gradient":""}},"ast-content-background-meta":{"desktop":{"background-color":"var(--ast-global-color-4)","background-image":"","background-repeat":"repeat","background-position":"center center","background-size":"auto","background-attachment":"scroll","background-type":"","background-media":"","overlay-type":"","overlay-color":"","overlay-opacity":"","overlay-gradient":""},"tablet":{"background-color":"var(--ast-global-color-4)","background-image":"","background-repeat":"repeat","background-position":"center center","background-size":"auto","background-attachment":"scroll","background-type":"","background-media":"","overlay-type":"","overlay-color":"","overlay-opacity":"","overlay-gradient":""},"mobile":{"background-color":"var(--ast-global-color-4)","background-image":"","background-repeat":"repeat","background-position":"center center","background-size":"auto","background-attachment":"scroll","background-type":"","background-media":"","overlay-type":"","overlay-color":"","overlay-opacity":"","overlay-gradient":""}},"_themeisle_gutenberg_block_has_review":false,"footnotes":""},"class_list":["post-13","page","type-page","status-publish","hentry"],"_links":{"self":[{"href":"https:\/\/muniica.gob.pe\/portal\/index.php\/wp-json\/wp\/v2\/pages\/13","targetHints":{"allow":["GET"]}}],"collection":[{"href":"https:\/\/muniica.gob.pe\/portal\/index.php\/wp-json\/wp\/v2\/pages"}],"about":[{"href":"https:\/\/muniica.gob.pe\/portal\/index.php\/wp-json\/wp\/v2\/types\/page"}],"author":[{"embeddable":true,"href":"https:\/\/muniica.gob.pe\/portal\/index.php\/wp-json\/wp\/v2\/users\/1"}],"replies":[{"embeddable":true,"href":"https:\/\/muniica.gob.pe\/portal\/index.php\/wp-json\/wp\/v2\/comments?post=13"}],"version-history":[{"count":3,"href":"https:\/\/muniica.gob.pe\/portal\/index.php\/wp-json\/wp\/v2\/pages\/13\/revisions"}],"predecessor-version":[{"id":2532,"href":"https:\/\/muniica.gob.pe\/portal\/index.php\/wp-json\/wp\/v2\/pages\/13\/revisions\/2532"}],"wp:attachment":[{"href":"https:\/\/muniica.gob.pe\/portal\/index.php\/wp-json\/wp\/v2\/media?parent=13"}],"curies":[{"name":"wp","href":"https:\/\/api.w.org\/{rel}","templated":true}]}}